-8
Let a(b) = -b + 17. Let v be a(14). Suppose 0 = -l + v*l. Let t(p) = 19 - 19 + 3*p + l*p. Calculate t(2).
6
Suppose 0 = -3*y + 8 + 16. Suppose -2*r + 0*r + y = 0. Let d(n) = -1 + 0 - 6 + r*n. Give d(5).
13
Let h(b) = -b + 1. Suppose 2*i - 1 = -5*l, 12*l = 10*l + 6. What is h(i)?
8
Let x(o) be the third derivative of -o**5/60 + o**3/6 - 20*o**2 + 3. Let p be 0*(6/(-4) + 2). Calculate x(p).
1
Suppose -3*k + 6*k = 12. Let q(s) = -2*s - k - 4 - 6 + 6. Suppose 5*f + 5*b + 10 = 0, 0 = 2*f - b + 2*b + 8. Determine q(f).
4
Suppose -51*x + 49*x + 10 = 0. Let n = 7 + -18. Let z = n + x. Let w(o) = -o**2 - 6*o + 2. What is w(z)?
2
Let l(p) be the second derivative of 7/2*p**2 - 7/12*p**4 + 0 + 50*p - 1/20*p**5 - 2/3*p**3. Determine l(-6).
-5
Let g(w) = 8*w - 2. Let z(o) = -o**2 + 3*o + 90. Let c be z(11). What is g(c)?
14
Let c(f) be the second derivative of 19*f**5/20 - f**3/6 - f**2 + 714*f. What is c(-1)?
-20
Let x(b) = -b**2 + 9*b - 6. Let l be x(8). Suppose 0 = 6*n - l*n. Suppose v - 2*f = -f, -v + 3*f + 10 = n. Let a(j) = -j**3 - 5*j**2 - 3*j - 5. What is a(v)?
10
Let q(s) be the second derivative of 7/6*s**3 + 1/20*s**5 + 16*s + 0 - 5/2*s**2 - 1/2*s**4. Determine q(5).
5
Suppose -r - 2*p + 6*p = 18, -3*p + 9 = -3*r. Let d(u) = 24*u + 4 + r - 2 - 23*u. Let m = 0 + 0. Give d(m).
4
Let j(b) = 0*b + 62 + 2*b - 4*b - 41. What is j(9)?
3
Let v be (-1 - -2)/(1/2). Let w(m) = -5 - 3 + 4 + 5. Let j(l) = -2*l. Let t(a) = j(a) + w(a). What is t(v)?
-3
Let f(v) be the first derivative of -v**2/2 + 4*v + 75. What is f(-5)?
9
Let s(v) = -5*v + 17. Let o be s(4). Let t(q) = 23*q**2 - 8*q + 5. Let c(g) = g + 2*g - 8*g**2 - 1 - 1. Let f(j) = -17*c(j) - 6*t(j). Determine f(o).
-5
Let s(d) = d**3 - 3*d**3 + 2*d + d**3 + 3*d**2 + 0*d + 3. Suppose 2*h - 3*h - 12 = 4*n, 2*h - 24 = 4*n. Calculate s(h).
-5
Let k = 0 + -6. Let r(b) be the first derivative of -118*b + b**2 + 8 + 0*b**2 + 127*b. Give r(k).
-3
Let s(n) be the first derivative of -2*n**3 + n**2/2 + n - 6. Let j(v) = -v**2 + v. Let c(u) = 5*j(u) - s(u). What is c(-4)?
-1
Let j = -35 - -20. Let z be (-3)/j - (-108)/(-15). Let r(v) = -v**3 - 8*v**2 - 5*v + 8. What is r(z)?
-6
Let h(y) = 16*y - 1. Suppose -3*q - 44 = -56. Suppose 7 = 3*m + q. Determine h(m).
15
Let u(g) = g**3 + 6*g**2 - 8*g - 12. Let r be u(-7). Let n(m) = -m - 2. Let p be n(r). Let b(z) = 6 - z - z**2 - p*z - 2*z. Determine b(-6).
6
Let u(j) = -j + 5. Let z(v) = -2*v - 13. Let b be z(-8). Let n be 4 - b/(-1 + -2). Calculate u(n).
0
Let w(z) be the third derivative of 3*z**6/40 - z**5/60 + z**4/24 + z**3/6 - 660*z**2. Determine w(1).
10
Let q(n) = -n**3 + 2*n**2 + 50*n - 15. Let l be q(8). Let f(g) = -3*g + 3. What is f(l)?
0
Let v = -29 - -32. Suppose v*o = 18 + 51. Let g = 16 - o. Let i(r) = r - 1. Determine i(g).
-8
Suppose -5*f + 0*f + 15 = 0. Let t = 380 - 375. Let l(o) = -10 - 2*o - 2*o**2 - o + t + f*o**2. Give l(4).
-1
Let k(n) be the third derivative of -3*n**2 + 0*n + 0 - 1/3*n**3 + 1/24*n**4. Give k(0).
-2
Let r = 344 - 343. Let a(f) = 9*f**2 + 5*f**2 - f**2. Calculate a(r).
13
Let w(c) = 2*c**2 + 450*c**3 - 2 - 905*c**3 + 456*c**3. Let d(u) = u**2 - 4*u - 3. Let p be d(4). Give w(p).
-11
Let y(u) be the third derivative of u**4/24 - 2*u**3 + 892*u**2. Calculate y(0).
-12
Let i(s) = 5*s + 4. Suppose w - 4 = 3*v, -4*v = -3*w - 8*v + 12. Let n(b) = b + 1. Let o(j) = w*n(j) - i(j). Let d be (-6)/(-4) + (-2)/(-4). Determine o(d).
-2
Let y(j) = 2*j + 14. Let d be y(-5). Let g be (1/1)/(d/20). Let t(s) = 0 + g + 3 - 6 - s**2. Give t(-2).
-2
Let f(a) = 9 + a**3 - 7 - 7 + 8*a**2 - 13*a + 6. Calculate f(-9).
37
Let h(s) = -70*s - 13. Let u(y) = -38*y - 7. Let a(l) = 6*h(l) - 11*u(l). What is a(-3)?
5
Let q = -34 - -30. Let m be (-14)/q + (-4)/8. Let y(k) = 4*k**3 + 9*k**2 - 6*k - 4. Let a(i) = i**3 + i**2 - i - 1. Let s(p) = -5*a(p) + y(p). What is s(m)?
7
Let c(q) = 5*q - 3. Let n(i) = 3*i**2 + i. Let l be n(-1). Suppose v = -0*v + l. Calculate c(v).
7
Let s(k) be the first derivative of -5*k**2/2 - 2*k - 29. Let h be s(-1). Let j(l) = -l**2 + 2*l - 3. Determine j(h).
-6
Let k(d) = -15*d**2 + 20*d + 26. Let m(u) = -5*u**2 + 7*u + 9. Let x(a) = 6*k(a) - 17*m(a). Let w(s) = -6*s**2 + 2. Let i(r) = 4*w(r) - 5*x(r). Determine i(5).
-7
Let z(p) be the first derivative of p**2/2 - 10*p + 647. Determine z(-7).
-17
Let l = 1167 - 1164. Let g(o) = 3*o**2 - 3*o + 3. Give g(l).
21
Let x(r) = r**2 - 3*r + 9. Let y(v) = v - 1. Let t(j) = x(j) + 4*y(j). Calculate t(0).
5
Suppose v = -3*n + 11, -26*n + 28*n + 4*v = 14. Let l(q) be the second derivative of 5/6*q**n + q + 0 + 5/2*q**2 + 1/12*q**4. What is l(-5)?
5
Let v(t) = -8*t - 4. Suppose 25*i + 72 = -3. Determine v(i).
20
Let m(t) be the first derivative of -t**2/2 - t - 18. Determine m(-5).
4
Let m(z) = -3*z - 3. Let c(u) = -4*u + 16. Let q(a) = 3*a - 14. Let t(v) = 5*c(v) + 6*q(v). Let x(f) = 3*m(f) - 2*t(f). What is x(-3)?
14
Let n(w) = w**3 - 7*w**2 - 3*w + 3. Suppose 238*y - 240*y = -14. What is n(y)?
-18
Let m = 2 - -4. Let q(j) = -j + 11. Let d be q(m). Let u(i) be the first derivative of i**2 - i + 372. What is u(d)?
9
Suppose -20 = -2*k + 4*z, -3*k + 29 - 4 = -5*z. Suppose k = -5*n - 3*s + 78, 0*s - 13 = -n + 2*s. Let t = n + -20. Let p(r) = -r**2 - 2*r + 2. Give p(t).
-13
Let h(v) be the first derivative of -v**4/4 - 2*v**3 - v**2 - 8*v - 1. Let m be (1/2*-6)/(-1). Let j be m - 2*(-27)/(-6). Give h(j).
4
Let t(q) = -q - 5. Suppose 69*s + 60 = 75*s. Give t(s).
-15
Let d(u) = -11*u**2 + 5*u - 3. Let q be d(1). Let g(n) = n**3 + 8*n**2 - 10*n - 14. Determine g(q).
-5
Let l = -192 + 183. Let f(k) = k**2 + 10*k + 10. Give f(l).
1
Let l(c) = -c**2. Let q be 1*(-3)/((-9)/12). Suppose 0 = q*f + f - 15. Suppose f*t + 0*t = -h - 2, 0 = 5*t - 2*h + 18. Give l(t).
-4
Let r(u) = 6*u + 2. Let n be r(-2). Let k(v) be the first derivative of v**3/3 + 5*v**2 + 6*v + 6. Let a be k(n). Let w(x) = 2*x - 4. Calculate w(a).
8
Let o be -4*(-4)/16*-1. Let h be 1 + (2 - o) - 2. Let v(x) = -x**3 - 71*x**2 - 2 - 7 + 6*x + 76*x**h + x. Give v(6).
-3
Let y(h) = -25*h**2 + h**3 + 3*h**2 + 5*h**2 + 9*h**2 - 10. Let m be (-4 - 2)*8/(-6). Calculate y(m).
-10
Let y = -8 + 15. Let q = -2 + y. Let j(b) = 3*b + 6*b**2 - 4*b - 4 - 4*b - b**3. Calculate j(q).
-4
Let p = -945 - -937. Let g(t) = -t**2 - 8*t - 7. Determine g(p).
-7
Let h(g) = -3*g - 3. Let l be (0 - 10) + (-12)/6. Let d be (-6)/l*(5 + -1). Let x be -6 - (-2 + -3 + d). Calculate h(x).
6
Suppose -2*u = -3*m - 45 + 8, 0 = 5*m - 25. Let y(h) = h**2 - 13*h - 14*h - 5*h + u*h. Determine y(6).
0
Suppose 0 = 5*c, 0 = 4*m - m - 3*c. Suppose 4*t - 2*t - 6 = m. Let g(x) = x - 5. Calculate g(t).
-2
Let j(a) = a**3 + 7*a**2 - 8*a - 2. Let h be 4 - 2 - (1 + -17) - -1. Let x(b) = -2*b**2 + 37*b + 11. Let g be x(h). Calculate j(g).
-2
Let p = -37 + 42. Let q(i) = i**3 - i**3 + p*i - 2 + i**3 - 2*i**2 - 3*i**2. What is q(3)?
-5
Let m(o) = 5*o + 1. Let g be m(1). Let i(b) be the second derivative of -b**4/12 + 2*b**3/3 - b**2 - 1696*b. Calculate i(g).
-14
Let z(c) = -c**3 - 5*c**2 + 7*c + 2. Let x(r) = -r**2 - 23*r + 44. Let y be x(-25). Give z(y).
-4
Let k(j) = 25*j - 1. Let b be k(0). Let x(f) = f + 1. Give x(b).
0
Let a(x) = -x + 0*x**2 - 8*x**3 + 2*x + 2*x**2 + 0*x**3 + 6*x**3. Give a(-1).
3
Let w(k) be the second derivative of -k**3/3 - 9*k**2/2 + k. Let v be w(-6). Suppose -v*a + 9 = -6*a. Let n(g) = g**3 + 5*g**2 + 2*g - 4. What is n(a)?
8
Let n(s) = -5*s**2 + 4. Let f(u) = -u**3 - 1. Let y(g) = -f(g) - n(g). Suppose -5*b - 2*j - 3 + 57 = 0, -3*b + 5*j = -20. Let r be (b/(-8))/(1/4). What is y(r)?
-3
Suppose -3*s - 3*p = -18, -41*p = s - 45*p - 16. Let y be -1 + 1 + 1 - -5. Let i(v) = -2*v**3 + 1 + v**3 - y*v**2 - v + 14*v**2. Determine i(s).
-7
Let x(k) = -11*k**2 + 14*k - 10. Let i(h) = -2*h**2 + 2*h - 1. Let w(a) = 5*i(a) - x(a). Determine w(7).
26
Let f(h) = -h**3 + 3*h**2 - 2*h + 3. Let b be f(2). Let c(n) = -4 + n**2 - n**2 + b + 3*n**2. Determine c(1).
2
Let p(s) = 12*s**2 - s - 1. Suppose -7*q + 10 = -17*q. Calculate p(q).
12
Let j(v) be the first derivative of v**3/3 + 9*v**2/2 + 9*v + 58. Suppose -3*t + 0 = 18. Give j(t).
-9
Let a(v) be the first derivative of -v**4/4 + v**3/3 + 3*v**2/2 - v + 9. Let y = 0 + 3. Determine a(y).
-10
Let m(c) = -25*c - 3. Let f(k) 